remainder when 54 is divided by 38?
16
What is the remainder when 2238 is divided by 14?
12
Calculate the remainder when 24728 is divided by 7.
4
Calculate the remainder when 62 is divided by 19.
5
What is the remainder when 395 is divided by 141?
113
Calculate the remainder when 43 is divided by 4.
3
What is the remainder when 67 is divided by 10?
7
What is the remainder when 85 is divided by 30?
25
Calculate the remainder when 34 is divided by 3.
1
What is the remainder when 708 is divided by 55?
48
Calculate the remainder when 152 is divided by 24.
8
Calculate the remainder when 262 is divided by 66.
64
What is the remainder when 396 is divided by 24?
12
Calculate the remainder when 5184 is divided by 61.
60
What is the remainder when 1218 is divided by 61?
59
What is the remainder when 2037 is divided by 20?
17
What is the remainder when 844 is divided by 77?
74
What is the remainder when 393 is divided by 55?
8
What is the remainder when 28 is divided by 5?
3
What is the remainder when 394 is divided by 9?
7
Calculate the remainder when 1437 is divided by 18.
15
Calculate the remainder when 2424 is divided by 589.
68
What is the remainder when 199 is divided by 20?
19
What is the remainder when 753 is divided by 5?
3
What is the remainder when 25 is divided by 19?
6
Calculate the remainder when 127 is divided by 44.
39
Calculate the remainder when 94113 is divided by 46.
43
Calculate the remainder when 3501 is divided by 66.
3
Calculate the remainder when 322 is divided by 22.
14
Calculate the remainder when 3054 is divided by 1018.
0
Calculate the remainder when 33 is divided by 9.
6
Calculate the remainder when 314 is divided by 15.
14
What is the remainder when 27 is divided by 7?
6
What is the remainder when 1095 is divided by 29?
22
What is the remainder when 132 is divided by 46?
40
What is the remainder when 701 is divided by 71?
62
Calculate the remainder when 1037 is divided by 98.
57
Calculate the remainder when 6047 is divided by 5.
2
Calculate the remainder when 101 is divided by 45.
11
What is the remainder when 436 is divided by 147?
142
Calculate the remainder when 490 is divided by 158.
16
Calculate the remainder when 11148 is divided by 16.
12
Calculate the remainder when 94 is divided by 11.
6
What is the remainder when 5728 is divided by 117?
112
Calculate the remainder when 1002 is divided by 329.
15
Calculate the remainder when 637 is divided by 122.
27
What is the remainder when 4467 is divided by 73?
14
Calculate the remainder when 66 is divided by 59.
7
What is the remainder when 300 is divided by 26?
14
Calculate the remainder when 249 is divided by 16.
9
What is the remainder when 842 is divided by 11?
6
What is the remainder when 662 is divided by 131?
7
Calculate the remainder when 254 is divided by 10.
4
What is the remainder when 298 is divided by 234?
64
Calculate the remainder when 124 is divided by 67.
57
What is the remainder when 5879 is divided by 147?
146
Calculate the remainder when 240 is divided by 103.
34
Calculate the remainder when 1451 is divided by 1.
0
Calculate the remainder when 87 is divided by 73.
14
What is the remainder when 421 is divided by 98?
29
Calculate the remainder when 776 is divided by 17.
11
Calculate the remainder when 698 is divided by 172.
10
Calculate the remainder when 201 is divided by 37.
16
Calculate the remainder when 19838 is divided by 310.
308
Calculate the remainder when 145 is divided by 25.
20
Calculate the remainder when 758 is divided by 10.
8
What is the remainder when 230 is divided by 18?
14
Calculate the remainder when 6522 is divided by 14.
12
What is the remainder when 1689 is divided by 841?
7
Calculate the remainder when 10581 is divided by 49.
46
What is the remainder when 134 is divided by 9?
8
What is the remainder when 693 is divided by 58?
55
What is the remainder when 105 is divided by 49?
7
What is the remainder when 667 is divided by 23?
0
Calculate the remainder when 3013 is divided by 275.
263
Calculate the remainder when 3014 is divided by 9.
8
What is the remainder when 2885 is divided by 78?
77
Calculate the remainder when 1107 is divided by 320.
147
Calculate the remainder when 590 is divided by 27.
23
Calculate the remainder when 898 is divided by 70.
58
What is the remainder when 665 is divided by 2?
1
Calculate the remainder when 98 is divided by 17.
13
Calculate the remainder when 158 is divided by 75.
8
What is the remainder when 453 is divided by 54?
21
What is the remainder when 210 is divided by 31?
24
Calculate the remainder when 195 is divided by 9.
6
What is the remainder when 670 is divided by 24?
22
What is the remainder when 182 is divided by 33?
17
What is the remainder when 118 is divided by 30?
28
What is the remainder when 406 is divided by 59?
52
What is the remainder when 1229 is divided by 15?
14
Calculate the remainder when 231 is divided by 206.
25
What is the remainder when 618 is divided by 9?
6
What is the remainder when 192 is divided by 49?
45
What is the remainder when 293 is divided by 268?
25
What is the remainder when 940 is divided by 307?
19
What is the remainder when 359 is divided by 15?
14
Calculate the remainder when 408 is divided by 137.
134
Calculate the remainder when 51 is divided by 3.
0
What is the remainder when 501 is divided by 12?
9
Calculate the remainder when 178 is divided by 18.
16
Calculate the remainder when 671 is divided by 75.
71
Calculate the remainder when 188 is divided by 27.
26
What is the remainder when 8938 is divided by 15?
13
Calculate the remainder when 179 is divided by 23.
18
Calculate the remainder when 60 is divided by 7.
4
Calculate the remainder when 320 is divided by 12.
8
Calculate the remainder when 1717 is divided by 28.
9
What is the remainder when 410 is divided by 389?
21
What is the remainder when 6112 is divided by 2035?
7
What is the remainder when 4358 is divided by 20?
18
What is the remainder when 4204 is divided by 145?
144
Calculate the remainder when 24106 is divided by 22.
16
What is the remainder when 599 is divided by 64?
23
Calculate the remainder when 230 is divided by 18.
14
What is the remainder when 3566 is divided by 34?
30
What is the remainder when 344 is divided by 286?
58
Calculate the remainder when 923 is divided by 3.
2
Calculate the remainder when 7636 is divided by 21.
13
What is the remainder when 337 is divided by 31?
27
Calculate the remainder when 709 is divided by 8.
5
What is the remainder when 467 is divided by 18?
17
What is the remainder when 3357 is divided by 56?
53
Calculate the remainder when 4393 is divided by 22.
15
Calculate the remainder when 110 is divided by 50.
10
What is the remainder when 4645 is divided by 166?
163
Calculate the remainder when 180 is divided by 26.
24
Calculate the remainder when 34 is divided by 21.
13
Calculate the remainder when 48 is divided by 13.
9
Calculate the remainder when 192 is divided by 2.
0
What is the remainder when 43 is divided by 26?
17
What is the remainder when 6639 is divided by 2212?
3
What is the remainder when 1958 is divided by 151?
146
Calculate the remainder when 415 is divided by 32.
31
What is the remainder when 631 is divided by 106?
101
What is the remainder when 8525 is divided by 174?
173
What is the remainder when 1174 is divided by 19?
15
Calculate the remainder when 132 is divided by 4.
0
Calculate the remainder when 808 is divided by 164.
152
What is the remainder when 419 is divided by 42?
41
Calculate the remainder when 272 is divided by 32.
16
What is the remainder when 211 is divided by 56?
43
What is the remainder when 24740 is divided by 178?
176
What is the remainder when 376 is divided by 42?
40
What is the remainder when 1134 is divided by 17?
12
What is the remainder when 4249 is divided by 109?
107
Calculate the remainder when 2330 is divided by 41.
34
What is the remainder when 239 is divided by 2?
1
What is the remainder when 3055 is divided by 51?
46
What is the remainder when 802 is divided by 136?
122
What is the remainder when 1095 is divided by 25?
20
Calculate the remainder when 171 is divided by 22.
17
What is the remainder when 798 is divided by 146?
68
What is the remainder when 35 is divided by 18?
17
What is the remainder when 